**2 + 661*w + 163. Calculate r(-165).
-2
Let a(n) = 2*n**3 - 39*n**2 + 156*n + 29. Determine a(14).
57
Let m(o) = -o**2 + 63*o - 100. What is m(54)?
386
Let d(n) = n**3 - 41*n**2 + 413*n - 948. Determine d(27).
-3
Let q(o) = 2046*o - 116617. Determine q(57).
5
Let n(b) = b**3 + 10*b**2 - 8*b + 30. Give n(-11).
-3
Let v(x) = 184*x**3 - x**2 - 20*x + 22. Give v(1).
185
Let v(i) = -i**2 + 271*i + 1952. What is v(-7)?
6
Let c(s) = -s**2 - 75*s + 2637. Calculate c(-101).
11
Let l(x) = -x**2 + 89*x - 492. Calculate l(6).
6
Let w(f) = 11*f - 104. Calculate w(9).
-5
Let k(h) = 194*h**2 + 9*h - 9. Give k(1).
194
Let g(w) = -1077*w + 2210. Calculate g(2).
56
Let k(x) = -7621*x - 144792. What is k(-19)?
7
Let t(j) = j**2 - 80*j - 1863. Give t(98).
-99
Let j(w) = 145*w + 162. Calculate j(2).
452
Let m(x) = x**3 - 35*x**2 - 67*x - 167. Determine m(37).
92
Let h(p) = -565*p - 3384. Calculate h(-6).
6
Let l(a) = -a**2 + 76*a - 944. Calculate l(16).
16
Let j(z) = z**2 + 20*z + 12. Give j(-19).
-7
Let j(m) = -2*m**3 - 42*m**2 - 5*m + 4. Calculate j(-21).
109
Let i(o) = 83*o + 1606. Give i(-21).
-137
Let a(x) = 2*x**2 + 106*x + 837. Give a(-42).
-87
Let g(x) = -3*x**2 + 213*x - 3661. What is g(29)?
-7
Let t(b) = -b**2 + 69*b - 260. Give t(4).
0
Let t(v) = -14*v + 448. Give t(20).
168
Let g(o) = -2*o**3 + 7*o**2 + 13*o. Calculate g(-2).
18
Let z(y) = -46*y + 292. Determine z(7).
-30
Let j(d) = 160*d - 1096. What is j(8)?
184
Let z(b) = 66*b**2 + 2178*b + 18. What is z(-33)?
18
Let w(r) = -339*r + 15. Calculate w(1).
-324
Let j(f) = -f**3 + 188*f**2 + 806*f - 801. Give j(-5).
-6
Let k(l) = l**3 - 3*l**2 - 11*l - 29. Give k(7).
90
Let u(k) = -1044*k + 14617. What is u(14)?
1
Let p(x) = -17*x**2 + 27*x + 32. Give p(4).
-132
Let r(j) = -j**3 - 2*j**2 + 24*j - 10. Give r(-6).
-10
Let r(o) = 6*o**2 + 182*o - 6760. Give r(-52).
0
Let v(l) = l**3 + 22*l**2 + 25*l + 49. Give v(-21).
-35
Let y(z) = 3*z**2 - 78*z - 33. Determine y(25).
-108
Let c(p) = 61*p - 24. Determine c(-9).
-573
Let y(c) = 3*c**2 + 10*c - 43. Determine y(-11).
210
Let t(f) = -150*f + 457. Determine t(3).
7
Let t(i) = -i**3 + 10*i**2 + 19*i + 31. Give t(12).
-29
Let g(r) = -15*r - 205. What is g(7)?
-310
Let u(p) = p**3 + 33*p**2 + 93*p - 17. What is u(-30)?
-107
Let t(p) = p**3 - 28*p**2 - 34*p + 60. Determine t(29).
-85
Let w(g) = 52*g**3 + 4*g**2 - 2*g. Determine w(1).
54
Let v(m) = -m**2 + 90*m - 1494. What is v(68)?
2
Let d(i) = 26*i + 89. What is d(-8)?
-119
Let z(n) = 13*n - 110. Determine z(13).
59
Let d(s) = -25*s**2 - 21*s - 10. What is d(-4)?
-326
Let u(s) = -2*s**3 + 16*s**2 + s + 11. Give u(8).
19
Let q(i) = i**3 - 13*i**2 + 4*i + 1. Determine q(5).
-179
Let m(k) = -254*k + 909. Determine m(3).
147
Let g(c) = 3*c**2 + 89*c + 76. Give g(-29).
18
Let u(c) = 89*c**2 - 975*c - 38. Determine u(11).
6
Let u(c) = -c**3 + 3*c**2 - 7*c - 57. Give u(-4).
83
Let p(g) = -250*g**2 + 3*g - 2. Give p(1).
-249
Let l(x) = x**2 + 285*x - 3. Give l(0).
-3
Let a(y) = 35*y**2 + 210*y + 13. Calculate a(-6).
13
Let m(n) = n - 40. Calculate m(29).
-11
Let x(y) = 2*y**3 + 15*y**2 + 12*y - 6. What is x(-6)?
30
Let t(i) = i**3 - 33*i**2 + 7*i + 808. Determine t(32).
8
Let m(k) = -k**3 + 30*k**2 - 151*k + 1216. What is m(26)?
-6
Let q(l) = l**2 + 3955*l - 27749. Calculate q(7).
-15
Let j(m) = -m - 15. Calculate j(19).
-34
Let o(c) = c**3 + 27*c**2 + 47*c + 526. Determine o(-26).
-20
Let z(q) = -22*q**2 + 2297*q + 1400. What is z(105)?
35
Let v(x) = x**3 - 13*x**2 + 35*x + 38. Give v(8).
-2
Let a(c) = 2*c**3 + 42*c**2 - 15*c - 165. Give a(-21).
150
Let a(q) = 8*q - 67. Determine a(2).
-51
Let q(r) = r**3 + 48*r**2 + 90*r - 78. Give q(-46).
14
Let w(v) = 10*v**3 + 6*v**2 + 7*v + 21. Calculate w(-2).
-49
Let s(u) = -u**2 + 16*u + 33. What is s(14)?
61
Let n(j) = j**3 + 27*j**2 + 23*j - 42. Calculate n(-26).
36
Let l(b) = -81*b - 81. What is l(-2)?
81
Let p(n) = -n**3 + 8*n**2 + 120*n + 107. Determine p(-7).
2
Let w(z) = -z**3 - 4*z**2 + 2*z - 2. Give w(0).
-2
Let r(k) = 44*k**2 - 55*k - 56. Give r(-1).
43
Let z(y) = y**2 + 294*y - 20826. Determine z(59).
1
Let r(d) = 25*d + 119. Give r(-9).
-106
Let t(n) = -3*n**2 + 310*n + 1280. Determine t(-4).
-8
Let u(x) = -8*x - 167. Calculate u(-16).
-39
Let g(d) = 8*d**2 - 507*d - 5627. What is g(73)?
-6
Let f(q) = 5*q - 19. What is f(6)?
11
Let r(k) = 176*k + 176. Determine r(-4).
-528
Let z(c) = 553*c - 10512. What is z(19)?
-5
Let n(m) = -264*m + 775. What is n(6)?
-809
Let l(a) = 191*a + 3054. Calculate l(-16).
-2
Let m(r) = -23*r + 104. Give m(-11).
357
Let i(r) = -r**3 - 8*r**2 + 3*r + 20. What is i(-9)?
74
Let t(q) = q**2 + 22*q + 12. Determine t(-34).
420
Let c(o) = -4*o**3 - 3*o**2 + 5*o - 12. Give c(3).
-132
Let d(v) = 9*v**2 + 10*v - 47. What is d(3)?
64
Let c(o) = -187*o - 331. What is c(-2)?
43
Let u(c) = c - 29. Calculate u(8).
-21
Let m(d) = 13*d**3 - 129*d**2 - 32*d + 234. Give m(10).
14
Let d(g) = g**3 - 30*g**2 + 30*g - 25. Determine d(29).
4
Let o(i) = 2*i**3 + 95*i**2 - 149*i - 126. Give o(-49).
-28
Let t(q) = -2*q**3 - 142*q**2 - 5*q - 320. Determine t(-71).
35
Let i(h) = 2*h**2 - 7*h - 40. Give i(0).
-40
Let k(g) = 508*g + 41141. Calculate k(-81).
-7
Let d(j) = j**2 - 39*j - 311. Give d(23).
-679
Let u(b) = b**3 - 81*b**2 + 74*b + 454. Calculate u(80).
-26
Let r(c) = 304*c**2 + 2*c - 17. Calculate r(-2).
1195
Let p(s) = -s**2 + 29*s - 178. Calculate p(20).
2
Let h(s) = -276*s - 15. Calculate h(-1).
261
Let b(f) = f**3 + 7*f**2 - 14*f. Determine b(-11).
-330
Let g(b) = -b**3 - 10*b**2 - 20*b - 35. Give g(-8).
-3
Let z(c) = 34*c - 285. Give z(9).
21
Let v(d) = -d**3 + 2*d**2 + 43*d - 138. Calculate v(5).
2
Let a(t) = t**3 + 47*t**2 + 46*t - 34. Determine a(-46).
-34
Let x(w) = -47*w - 1567. What is x(-33)?
-16
Let u(m) = m**3 - 3*m**2 + 38*m - 184. Determine u(5).
56
Let l(s) = -s**3 + 12*s**2 + 8*s - 27. What is l(11)?
182
Let b(q) = -11*q - 50. Determine b(14).
-204
Let p(z) = -z**2 - 28*z - 38. Calculate p(-6).
94
Let v(l) = 521*l + 5204. Determine v(-10).
-6
Let z(x) = -x**3 + 15*x**2 + 62*x + 21. Determine z(19).
-245
Let k(o) = -27*o**2 + 5*o + 14. What is k(-2)?
-104
Let l(d) = 3*d + 322. Calculate l(-43).
193
Let a(b) = 47*b - 1224. Determine a(26).
-2
Let i(u) = u**3 - 15*u**2 + 46*u - 888. Calculate i(16).
104
Let m(x) = 18*x + 372. Calculate m(-12).
156
Let v(p) = 24*p + 2059. Determine v(-86).
-5
Let j(m) = -m**3 - 28*m**2 - 131*m + 9. Calculate j(-22).
-13
Let w(i) = -37*i - 347. Give w(-7).
-88
Let w(q) = -16*q**3 + 130*q**2 - 15*q + 18. Determine w(8).
26
Let p(f) = 2*f**3 - 22*f**2 - 22*f - 25. Determine p(12).
-1
Let a(j) = 69*j + 777. Calculate a(-10).
87
Let l(y) = y**2 - 67*y + 988. Give l(22).
-2
Let t(u) = -63*u - 442. Give t(-7).
-1
Let w(o) = -o**3 + 12*o**2 - 8*o - 10. Determine w(10).
110
Let l(v) = -194*v**2 - 740*v - 12. What is l(-4)?
-156
Let k(h) = 252*h - 1505. Give k(6).
7
Let x(i) = -344*i + 14445. Determine x(42).
-3
Let z(o) = -13*o + 103. Determine z(19).
-144
Let h(r) = -2*r**3 - 3*r**2 - 12*r + 8. Give h(-4).
136
Let t(a) = -2359*a - 4722. Give t(-2).
-4
Let n(q) = -q**3 - 19*q**2 - 77*q + 13. Give n(-11).
-108
Let d(y) = -93*y - 2209. Calculate d(-24).
23
Let q(o) = -o**2 - 44*o + 980. Give q(16).
20
Let z(q) = -15*q**2 - 7*q + 1. Give z(-2).
-45
Let j(k) = -k**3 - 38*k**2 - 39*k - 86. What is j(-37)?
-12
Let j(b) = 4*b**2 + 15*b - 125. What is j(6)?
109
Let o(i) = 3*i**2 + 41*i - 302. Determine o(5).
-22
Let y(u) = 2*u**3 - 2*u**2 - 112*u + 227. Determine y(2).
11
Let x(b) = 233*b + 5288. Give x(-25).
-537
Let o(u) = 3*u + 34. Give o(-3).
25
Let m(w) = -4*w**2 + 10*w - 3. Determine m(2).
1
Let b(g) = g**3 + 2403*g**2 - 21707*g - 9. Determine b(9).
0
Let y(t) = 9*t**3 - 25*t**2 - 179*t + 36. Calculate y(6).
6
Let y(q) = 10*q**2 + 157*q - 226. Give y(-17).
-5
Let o(t) = 4*t + 130. Give o(-14).
74
Let t(p) = p**3 + 5*p**2 - 11*p - 51. What is t(-5)?
4
Let f(k) = -k**3 - 8*k**2 + 21*k + 186. Calculate f(-7).
-10
Let q(a) = 290*a - 2850. What is q(10)?
50
Let a(i) = -688*i - 7. What is a(0)?
-7
Let x(n) = 3*n**3 - 14*n**2 - 7*n + 1. Determine x(5).
-9
Let r(i) = 12*i**2 - 22*i + 54. Calculate r(6).
354
Let p(m) = -31*m - 1232. Give p(-40).
8
Let a(i) = -i**3 + 159*i**2 - 4333*i - 863. Determine a(124).
5
Let u(q) = -q**